when p is divided by (-1 - 1)/2 + 15?
9
Suppose 1 + 35 = 9*h. Let k = -2 + 4. Let i = k - 0. Calculate the remainder when h is divided by i.
0
Let a = -31 + 20. Let r = 60 + a. Calculate the remainder when r is divided by 13.
10
Let b be (27/36)/(2/(-328)). Let r = 139 + b. What is the remainder when 106 is divided by r?
10
Let z = 51 - 29. Suppose -6*l + 4*l - 5*t + 71 = 0, 0 = 2*t + 2. Let v = z + l. Calculate the remainder when v is divided by 21.
18
Calculate the remainder when 52 is divided by ((-27)/9 + 10)/1.
3
Let x = -4 - -2. Let b = 1967 + -1950. Calculate the remainder when b is divided by ((-4)/5)/(x/15).
5
Let g(q) = q**3 + 16*q**2 - 16*q + 39. Suppose 0 = 3*k + y - 5*y + 2, 0 = -2*k - 2*y - 20. What is the remainder when 6/(-4)*164/k is divided by g(-17)?
19
Suppose 4*s - 34 - 34 = -3*g, -g - 4 = 0. Calculate the remainder when 30 is divided by s.
10
Suppose 4*r + 18 = 2*j - 34, 0 = 2*j + 3*r - 38. Let n = j + -4. Calculate the remainder when n is divided by 12.
6
Suppose 3*q + 3 = -3*b, -q + 15 - 22 = -b. Let j be (-6)/(-4)*(-4)/3. Calculate the remainder when (26/q)/(1/j) is divided by 4.
1
Suppose 2*a = 4, 0*x - 4*a = -2*x - 20. Suppose 4*t + 30 = 5*r, 2*r - 4*t + 1 - 13 = 0. Calculate the remainder when r is divided by (-23)/x + (-4)/(-24).
2
Let y = -311 - -326. What is the remainder when 58 is divided by y?
13
Calculate the remainder when (-1 - -284)/(-7 + 16/2) is divided by 71.
70
Let t(z) be the first derivative of -2*z**3/3 - 5*z**2 + 19*z + 9. Calculate the remainder when 18 is divided by t(-6).
4
Let g(n) = n**3 + 11*n**2 + 2*n + 12. What is the remainder when g(-10) is divided by 31?
30
Suppose 21*v = 3*v + 612. What is the remainder when v is divided by 6?
4
Let y be (2/4)/(4/576). Suppose -77*z = -y*z - 5. Calculate the remainder when 2 is divided by z.
0
Suppose -14*v = -16*v + 56. Suppose 16*p = 18*p - v. Calculate the remainder when 95 is divided by p.
11
Let c = 1115 + -1017. What is the remainder when c is divided by 5?
3
Let k(u) = -6*u**2 + 17*u + 2. Let m(z) = 13*z**2 - 35*z - 3. Let j(h) = -9*k(h) - 4*m(h). What is the remainder when 31 is divided by j(8)?
13
Let a = 4 - -5. Suppose -r + 88 = 4*p + a, 4*r - p = 350. Suppose -5*s + 22 = -4*s. What is the remainder when r is divided by s?
21
Suppose -v = 2*l - 71, -3*l = -3*v - 54 - 30. Suppose -2*d + 454 = -g, 4*d - 5*g = 368 + 528. Calculate the remainder when d is divided by l.
31
Let z(l) = -l**2 + 17*l - 26. Calculate the remainder when 110 is divided by z(15).
2
Let l(o) = o**2 - 10*o + 32. What is the remainder when l(6) is divided by 4?
0
Suppose 11*t - 20 = 7*t. Let g = 0 + 0. Suppose g = -p + t*y + 2 + 2, 4*y + 45 = 3*p. Calculate the remainder when 55 is divided by p.
17
Let s(q) = 28 - 4*q - 22 - 4*q. Let y be s(-7). Suppose 5*j = 2*l + 64, -4*j - l = l - y. What is the remainder when 53 is divided by j?
11
Let o be (-10)/(-2)*(108/5 - 4). Suppose -2*k = -4*k + o. Calculate the remainder when 128 is divided by k.
40
Let k be (-1)/(-3 - 14/(-5)). Let q(p) = -2 + 1 + k - 2*p. Calculate the remainder when q(-7) is divided by 7.
4
Suppose 546 = -539*o + 546*o. Suppose 0 = 3*x - 35 - 13. What is the remainder when o is divided by x?
14
Calculate the remainder when (432/84)/9 - (-2666)/14 is divided by 49.
44
Let h = 2522 + -2168. What is the remainder when h is divided by 91?
81
Let d = -21 - -41. Calculate the remainder when -5 + -8 - (6 + -96) is divided by d.
17
Let y(o) = o**3 + 9*o**2 + 2. Let w be y(-9). Suppose 5 = r + w. Suppose 15 + r = 3*f. Calculate the remainder when 17 is divided by f.
5
Let l(t) = 2*t**3 + 3*t - 2. Suppose 3*w + 0*w = -5*s - 2, 4*s + 8 = -4*w. Suppose 32 = -x + s*x. Calculate the remainder when l(3) is divided by x.
29
Let l = -137 - -129. Suppose j - 2*b - 22 = -3*j, -j + 23 = 3*b. Calculate the remainder when j*4/l + 50 is divided by 16.
14
Let g(h) = h**3 - 2*h**2 + 4. Let t(f) = -f**3 + 17*f**2 + 16*f + 54. What is the remainder when t(18) is divided by g(3)?
5
What is the remainder when 53 is divided by (18/1)/(-3*3/(-12))?
5
Let x(m) = -2*m**3 - 22*m**2 + 41*m - 45. What is the remainder when x(-13) is divided by 31?
5
Calculate the remainder when 194 is divided by (-9)/(-6)*(-300)/(-9).
44
Let z = 106 + -49. Let d(x) = x**2 + 16*x + 13. Let g be d(-17). What is the remainder when z is divided by 14/(-3)*g/(-7)?
17
Suppose 4*m + 934 = 5*t, t - 4*m - 246 = -56. What is the remainder when t is divided by 17?
16
Let m(r) = r**2 + 4*r + 9. Let z be m(-3). Let q(y) = y**3 - 4*y**2 - 4*y - 8. What is the remainder when 199 is divided by q(z)?
39
Let z be 1 - ((-48)/(-4) - -1). Let x = -22 - z. Let g = 8 - x. What is the remainder when 33 is divided by g?
15
Suppose 79 = 2*g - 5*n, 0 = 2*g - 0*n + 4*n - 52. What is the remainder when 62 is divided by g?
30
Let k(x) = -x + 15. Let o be k(10). Suppose -o*y + 25 = 0, l + 2*y = 19 + 17. Calculate the remainder when l is divided by 16.
10
Let t(x) be the first derivative of -8/3*x**3 + 2 + 2*x - 5*x**2 - 1/4*x**4. What is the remainder when t(-7) is divided by 13?
10
Suppose 10*d - 5*d + 5 = 0, 0 = -4*l + 5*d + 9. Let k = 61 + l. Suppose 4*w - 32 = 2*w. What is the remainder when k is divided by w?
14
Let u be ((-24)/14)/((-20)/70). Suppose u + 4 = 2*z. Suppose -4*l = -4*f + 12, -6*f + z*f + 23 = 4*l. What is the remainder when f is divided by 3?
1
Let g = -20 + 34. Suppose -9*m = -4*m + 325. Calculate the remainder when g is divided by 8/10 + (-143)/m.
2
Let c(t) = -t**2 - 7*t + 20. Let r be c(-9). Calculate the remainder when 52 is divided by (4 - -2)*r/12*18.
16
Suppose -8*i + 5 = -3*i. Let u(m) = 38*m. Calculate the remainder when u(i) is divided by 10.
8
Suppose -2*q = -0*c + 5*c - 29, -c - 3*q = -11. Calculate the remainder when 59 is divided by c.
4
Let s be (2/7)/((-86)/(-28) - 3). Let v = 7 + s. Calculate the remainder when v is divided by 4.
3
Let j(q) be the second derivative of -q**3/6 - 17*q**2/2 + 3*q. Let k be j(-9). What is the remainder when 15 is divided by -4*1*12/k?
3
Calculate the remainder when (-402)/(-9)*(2 + (-3)/6) is divided by 47.
20
Suppose 0*h = h + 28. Let q = h - -50. Suppose 4*s - q = 42. What is the remainder when 61 is divided by s?
13
Let p be 2/2*(-129 - (7 - 5)). Let m = p - -142. Calculate the remainder when m is divided by 7.
4
Suppose 3*p - 164 = 5*u, -4*p - 3*u = -8*u - 212. What is the remainder when p is divided by 19?
10
Let s = 68 + -74. What is the remainder when 127 is divided by 16/(-24) + (-196)/s + 1?
28
Let o = -4 + 9. Let s(k) be the first derivative of k**4/4 - 4*k**3/3 + 2*k**2 - 3*k - 6. Calculate the remainder when s(o) is divided by 22.
20
Suppose 52 = d + 5*y, -5*y = 7 + 3. Let a(m) = m**2 + 3*m - 7. Suppose 8 = -4*k + 2*v - 10, -k + 3 = -2*v. Calculate the remainder when d is divided by a(k).
20
Calculate the remainder when ((-12)/(-4) + 1)*(-348)/(-24) is divided by 33.
25
Let n be (-7 - -4) + 6 + 1. Suppose -20 = -5*w - 3*v, -4*w + w + 41 = -n*v. What is the remainder when 23/1 - (-6 + 10) is divided by w?
5
Let n = -343 + 472. What is the remainder when n is divided by 20?
9
Suppose i = 2*i - 26. Let f(q) = q**2 - 32*q + 239. Calculate the remainder when f(29) is divided by i.
22
Let p(w) = w**3 + 12*w**2 + 12*w + 6. Let a be p(-11). Calculate the remainder when 8 + 2 + a + 2 is divided by (-9)/3*(-65)/39.
2
Calculate the remainder when 191 is divided by 4 + 150/(-4)*(-28)/21.
29
What is the remainder when 413 is divided by (-52)/(-6)*1*6/4?
10
Suppose 3*m + 99 = -2*z, -2*m - 2*z - 77 = 3*z. Calculate the remainder when 42 is divided by 27 + m + -2*(-12 - 1).
20
Suppose 0 = 2*l - 190 + 152. Let r = -1 + -2. What is the remainder when l is divided by (-31)/(-3) - (-1)/r?
9
Suppose 0 = -7*y + 5*y - 4, x - 2*y - 102 = 0. What is the remainder when 204 is divided by x?
8
Suppose 8*d + 9 = -183. Let b = d + 47. What is the remainder when b is divided by 14?
9
Suppose -f = f. Suppose 6*a - 138 = -f*a. Calculate the remainder when 43 is divided by a.
20
Let l = -1 - -25. Suppose -3*f = 5*b - 80, -2*f + l + 46 = -5*b. What is the remainder when 58 is divided by f?
28
Suppose -27*u - 14*u = 35 - 609. Let w = 75 + -51. What is the remainder when w is divided by u?
10
Let a = -272 + 305. What is the remainder when 197 is